{"id":60,"date":"2020-05-14T12:42:54","date_gmt":"2020-05-14T12:42:54","guid":{"rendered":"https:\/\/demo.keonthemes.com\/gutener\/demo1\/?page_id=339"},"modified":"2026-02-18T17:43:25","modified_gmt":"2026-02-18T20:43:25","slug":"about-us","status":"publish","type":"page","link":"https:\/\/www.benhame.adv.br\/?page_id=60","title":{"rendered":"O Escrit\u00f3rio"},"content":{"rendered":"\n<div id=\"section-g8b2689\" class=\"wp-block-gutentor-e1 section-g8b2689 gutentor-element gutentor-element-advanced-text gutentor-width-enabled enable-title-design text-align-center-desktop text-align-center-tablet text-align-center-mobile\"><div class=\"gutentor-text-wrap divider-bottom\"><h2 class=\"gutentor-text\">O Escrit\u00f3rio<\/h2><div class=\"gutentor-separator gutentor-separator-after border-solid\"><\/div><\/div><\/div>\n\n\n\n<div id=\"section-gf25bf2\" class=\"wp-block-gutentor-e1 section-gf25bf2 gutentor-element gutentor-element-advanced-text text-align-center-desktop text-align-justify-tablet text-align-justify-mobile\"><div class=\"gutentor-text-wrap\"><p class=\"gutentor-text\"> Um escrit\u00f3rio diferenciado com atua\u00e7\u00e3o empresarial desde 1988, feita sob medida para o perfil de cada cliente, com foco na atua\u00e7\u00e3o consultiva para preven\u00e7\u00e3o e redu\u00e7\u00e3o de riscos e de contencioso. Tem atua\u00e7\u00e3o presente&nbsp; no dia a dia dos clientes em contato pr\u00f3ximo com todas as \u00e1reas da empresa, especialmente Recursos Humanos e administrativa financeira, dessa forma sua assessoria sempre se adequa \u00e0 realidade de cada cliente, atendendo-o em suas particularidades.<br><br>Toda a presta\u00e7\u00e3o de servi\u00e7os \u00e9 efetuada com acompanhamento pessoal da S\u00f3cia, e por advogados que conhecem as particularidades de cada cliente, que recebem uma assessoria personalizada nas \u00e1reas de atua\u00e7\u00e3o do escrit\u00f3rio.<br><br><br>Nas empresas de pequeno e m\u00e9dio porte atua como um departamento jur\u00eddico, ou em conjunto com jur\u00eddicos internos, assessorando-as em seus assuntos rotineiros<br><br><strong>VALORES<\/strong>&nbsp;<br><br><strong>\u00c9TICA<\/strong>&nbsp; &#8211; A atua\u00e7\u00e3o dos profissionais do escrit\u00f3rio e seus parceiros sempre prezam pela \u00e9tica e legalidade.<br><strong>ESPECIALIZA\u00c7\u00c3O<\/strong> &#8211; Atua\u00e7\u00e3o empresarial civil e trabalhista com estudo profundo e especializado dos assuntos tratados de maneira individual para cada caso.<br><strong>PARCERIA<\/strong> &#8211; Conhecimento da realidade das empresas e seus neg\u00f3cios para melhor solu\u00e7\u00f5es.<br><br><br><\/p><\/div><\/div>\n\n\n\n<section id=\"section-3794c168-61a7-4423-9bcd-51d25ad4e3e1\" class=\"wp-block-gutentor-gallery gutentor-section gutentor-gallery gutentor-gallery-wrapper gallery-template1 has-gutentor-overlay\"><div class=\"grid-container\"><div class=\"gutentor-block-header\"><div class=\"gutentor-section-title enable-title-design seperator-bottom text-center\"><h2 class=\"gutentor-title\">C\u00f3digo de Conduta e Compliance<\/h2><\/div><\/div><div class=\"grid-row gutentor-grid-item-wrap full-width-row\"><div class=\"gutentor-gallery-item grid-lg-3 grid-md-4 grid-12\"><div class=\"gutentor-single-item gutentor-image gutentor-single-item-0\"><div class=\"gutentor-gallery-item-wrap\"><div class=\"gutentor-single-item-image-box\"><div class=\"gutentor-image-thumb\"><img loading=\"lazy\" decoding=\"async\" class=\"normal-image\" src=\"https:\/\/www.benhame.adv.br\/wp-content\/uploads\/2025\/01\/Codigo-de-etica-e-compliance-Benhame-_Pagina_1.jpg\" alt=\"\" height=\"2339\" width=\"1654\" \/><\/div><\/div><div class=\"gutentor-single-item-content\"><div class=\"gutentor-gallery-item-header\"><a href=\"https:\/\/www.benhame.adv.br\/wp-content\/uploads\/2025\/01\/Codigo-de-etica-e-compliance-Benhame-_Pagina_1.jpg\" class=\"image-gallery\"><i class=\"gallery-icon fas fa-search\"><\/i><\/a><\/div><div class=\"gutentor-gallery-item-desc\"><\/div><\/div><\/div><\/div><\/div><div class=\"gutentor-gallery-item grid-lg-3 grid-md-4 grid-12\"><div class=\"gutentor-single-item gutentor-image gutentor-single-item-1\"><div class=\"gutentor-gallery-item-wrap\"><div class=\"gutentor-single-item-image-box\"><div class=\"gutentor-image-thumb\"><img loading=\"lazy\" decoding=\"async\" class=\"normal-image\" src=\"https:\/\/www.benhame.adv.br\/wp-content\/uploads\/2025\/01\/Codigo-de-etica-e-compliance-Benhame-_Pagina_2.jpg\" alt=\"\" height=\"2339\" width=\"1654\" \/><\/div><\/div><div class=\"gutentor-single-item-content\"><div class=\"gutentor-gallery-item-header\"><a href=\"https:\/\/www.benhame.adv.br\/wp-content\/uploads\/2025\/01\/Codigo-de-etica-e-compliance-Benhame-_Pagina_2.jpg\" class=\"image-gallery\"><i class=\"gallery-icon fas fa-search\"><\/i><\/a><\/div><div class=\"gutentor-gallery-item-desc\"><\/div><\/div><\/div><\/div><\/div><div class=\"gutentor-gallery-item grid-lg-3 grid-md-4 grid-12\"><div class=\"gutentor-single-item gutentor-image gutentor-single-item-2\"><div class=\"gutentor-gallery-item-wrap\"><div class=\"gutentor-single-item-image-box\"><div class=\"gutentor-image-thumb\"><img loading=\"lazy\" decoding=\"async\" class=\"normal-image\" src=\"https:\/\/www.benhame.adv.br\/wp-content\/uploads\/2025\/01\/Codigo-de-etica-e-compliance-Benhame-_Pagina_3.jpg\" alt=\"\" height=\"2339\" width=\"1654\" \/><\/div><\/div><div class=\"gutentor-single-item-content\"><div class=\"gutentor-gallery-item-header\"><a href=\"https:\/\/www.benhame.adv.br\/wp-content\/uploads\/2025\/01\/Codigo-de-etica-e-compliance-Benhame-_Pagina_3.jpg\" class=\"image-gallery\"><i class=\"gallery-icon fas fa-search\"><\/i><\/a><\/div><div class=\"gutentor-gallery-item-desc\"><\/div><\/div><\/div><\/div><\/div><div class=\"gutentor-gallery-item grid-lg-3 grid-md-4 grid-12\"><div class=\"gutentor-single-item gutentor-image gutentor-single-item-3\"><div class=\"gutentor-gallery-item-wrap\"><div class=\"gutentor-single-item-image-box\"><div class=\"gutentor-image-thumb\"><img loading=\"lazy\" decoding=\"async\" class=\"normal-image\" src=\"https:\/\/www.benhame.adv.br\/wp-content\/uploads\/2025\/01\/Codigo-de-etica-e-compliance-Benhame-_Pagina_4.jpg\" alt=\"\" height=\"2339\" width=\"1654\" \/><\/div><\/div><div class=\"gutentor-single-item-content\"><div class=\"gutentor-gallery-item-header\"><a href=\"https:\/\/www.benhame.adv.br\/wp-content\/uploads\/2025\/01\/Codigo-de-etica-e-compliance-Benhame-_Pagina_4.jpg\" class=\"image-gallery\"><i class=\"gallery-icon fas fa-search\"><\/i><\/a><\/div><div class=\"gutentor-gallery-item-desc\"><\/div><\/div><\/div><\/div><\/div><div class=\"gutentor-gallery-item grid-lg-3 grid-md-4 grid-12\"><div class=\"gutentor-single-item gutentor-image gutentor-single-item-4\"><div class=\"gutentor-gallery-item-wrap\"><div class=\"gutentor-single-item-image-box\"><div class=\"gutentor-image-thumb\"><img loading=\"lazy\" decoding=\"async\" class=\"normal-image\" src=\"https:\/\/www.benhame.adv.br\/wp-content\/uploads\/2025\/01\/Codigo-de-etica-e-compliance-Benhame-_Pagina_5.jpg\" alt=\"\" height=\"2339\" width=\"1654\" \/><\/div><\/div><div class=\"gutentor-single-item-content\"><div class=\"gutentor-gallery-item-header\"><a href=\"https:\/\/www.benhame.adv.br\/wp-content\/uploads\/2025\/01\/Codigo-de-etica-e-compliance-Benhame-_Pagina_5.jpg\" class=\"image-gallery\"><i class=\"gallery-icon fas fa-search\"><\/i><\/a><\/div><div class=\"gutentor-gallery-item-desc\"><\/div><\/div><\/div><\/div><\/div><div class=\"gutentor-gallery-item grid-lg-3 grid-md-4 grid-12\"><div class=\"gutentor-single-item gutentor-image gutentor-single-item-5\"><div class=\"gutentor-gallery-item-wrap\"><div class=\"gutentor-single-item-image-box\"><div class=\"gutentor-image-thumb\"><img loading=\"lazy\" decoding=\"async\" class=\"normal-image\" src=\"https:\/\/www.benhame.adv.br\/wp-content\/uploads\/2025\/01\/Codigo-de-etica-e-compliance-Benhame-_Pagina_6.jpg\" alt=\"\" height=\"2339\" width=\"1654\" \/><\/div><\/div><div class=\"gutentor-single-item-content\"><div class=\"gutentor-gallery-item-header\"><a href=\"https:\/\/www.benhame.adv.br\/wp-content\/uploads\/2025\/01\/Codigo-de-etica-e-compliance-Benhame-_Pagina_6.jpg\" class=\"image-gallery\"><i class=\"gallery-icon fas fa-search\"><\/i><\/a><\/div><div class=\"gutentor-gallery-item-desc\"><\/div><\/div><\/div><\/div><\/div><div class=\"gutentor-gallery-item grid-lg-3 grid-md-4 grid-12\"><div class=\"gutentor-single-item gutentor-image gutentor-single-item-6\"><div class=\"gutentor-gallery-item-wrap\"><div class=\"gutentor-single-item-image-box\"><div class=\"gutentor-image-thumb\"><img loading=\"lazy\" decoding=\"async\" class=\"normal-image\" src=\"https:\/\/www.benhame.adv.br\/wp-content\/uploads\/2025\/01\/Codigo-de-etica-e-compliance-Benhame-_Pagina_7.jpg\" alt=\"\" height=\"2339\" width=\"1654\" \/><\/div><\/div><div class=\"gutentor-single-item-content\"><div class=\"gutentor-gallery-item-header\"><a href=\"https:\/\/www.benhame.adv.br\/wp-content\/uploads\/2025\/01\/Codigo-de-etica-e-compliance-Benhame-_Pagina_7.jpg\" class=\"image-gallery\"><i class=\"gallery-icon fas fa-search\"><\/i><\/a><\/div><div class=\"gutentor-gallery-item-desc\"><\/div><\/div><\/div><\/div><\/div><div class=\"gutentor-gallery-item grid-lg-3 grid-md-4 grid-12\"><div class=\"gutentor-single-item gutentor-image gutentor-single-item-7\"><div class=\"gutentor-gallery-item-wrap\"><div class=\"gutentor-single-item-image-box\"><div class=\"gutentor-image-thumb\"><img loading=\"lazy\" decoding=\"async\" class=\"normal-image\" src=\"https:\/\/www.benhame.adv.br\/wp-content\/uploads\/2025\/01\/Codigo-de-etica-e-compliance-Benhame-_Pagina_8.jpg\" alt=\"\" height=\"2339\" width=\"1654\" \/><\/div><\/div><div class=\"gutentor-single-item-content\"><div class=\"gutentor-gallery-item-header\"><a href=\"https:\/\/www.benhame.adv.br\/wp-content\/uploads\/2025\/01\/Codigo-de-etica-e-compliance-Benhame-_Pagina_8.jpg\" class=\"image-gallery\"><i class=\"gallery-icon fas fa-search\"><\/i><\/a><\/div><div class=\"gutentor-gallery-item-desc\"><\/div><\/div><\/div><\/div><\/div><\/div><\/div><\/section>\n\n\n\n<section id=\"section-g-d32706w\" class=\"wp-block-gutentor-gallery gutentor-section gutentor-gallery gutentor-gallery-wrapper gallery-template1 has-gutentor-overlay\"><div class=\"grid-container\"><div class=\"gutentor-block-header\"><div class=\"gutentor-section-title enable-title-design seperator-bottom text-center\"><h2 class=\"gutentor-title\">Benhame ESG<\/h2><\/div><\/div><div class=\"grid-row gutentor-grid-item-wrap full-width-row\"><div class=\"gutentor-gallery-item grid-lg-3 grid-md-4 grid-12\"><div class=\"gutentor-single-item gutentor-image gutentor-single-item-0\"><div class=\"gutentor-gallery-item-wrap\"><div class=\"gutentor-single-item-image-box\"><div class=\"gutentor-image-thumb\"><img loading=\"lazy\" decoding=\"async\" class=\"normal-image\" src=\"https:\/\/www.benhame.adv.br\/wp-content\/uploads\/2026\/02\/ESG-Benhame-rev.3_Pagina_1.jpg\" alt=\"\" height=\"2000\" width=\"1414\" \/><\/div><\/div><div class=\"gutentor-single-item-content\"><div class=\"gutentor-gallery-item-header\"><a href=\"https:\/\/www.benhame.adv.br\/wp-content\/uploads\/2026\/02\/ESG-Benhame-rev.3_Pagina_1.jpg\" class=\"image-gallery\"><i class=\"gallery-icon fas fa-search\"><\/i><\/a><\/div><div class=\"gutentor-gallery-item-desc\"><\/div><\/div><\/div><\/div><\/div><div class=\"gutentor-gallery-item grid-lg-3 grid-md-4 grid-12\"><div class=\"gutentor-single-item gutentor-image gutentor-single-item-1\"><div class=\"gutentor-gallery-item-wrap\"><div class=\"gutentor-single-item-image-box\"><div class=\"gutentor-image-thumb\"><img loading=\"lazy\" decoding=\"async\" class=\"normal-image\" src=\"https:\/\/www.benhame.adv.br\/wp-content\/uploads\/2026\/02\/ESG-Benhame-rev.3_Pagina_2.jpg\" alt=\"\" height=\"2000\" width=\"1414\" \/><\/div><\/div><div class=\"gutentor-single-item-content\"><div class=\"gutentor-gallery-item-header\"><a href=\"https:\/\/www.benhame.adv.br\/wp-content\/uploads\/2026\/02\/ESG-Benhame-rev.3_Pagina_2.jpg\" class=\"image-gallery\"><i class=\"gallery-icon fas fa-search\"><\/i><\/a><\/div><div class=\"gutentor-gallery-item-desc\"><\/div><\/div><\/div><\/div><\/div><div class=\"gutentor-gallery-item grid-lg-3 grid-md-4 grid-12\"><div class=\"gutentor-single-item gutentor-image gutentor-single-item-2\"><div class=\"gutentor-gallery-item-wrap\"><div class=\"gutentor-single-item-image-box\"><div class=\"gutentor-image-thumb\"><img loading=\"lazy\" decoding=\"async\" class=\"normal-image\" src=\"https:\/\/www.benhame.adv.br\/wp-content\/uploads\/2026\/02\/ESG-Benhame-rev.3_Pagina_3.jpg\" alt=\"\" height=\"2000\" width=\"1414\" \/><\/div><\/div><div class=\"gutentor-single-item-content\"><div class=\"gutentor-gallery-item-header\"><a href=\"https:\/\/www.benhame.adv.br\/wp-content\/uploads\/2026\/02\/ESG-Benhame-rev.3_Pagina_3.jpg\" class=\"image-gallery\"><i class=\"gallery-icon fas fa-search\"><\/i><\/a><\/div><div class=\"gutentor-gallery-item-desc\"><\/div><\/div><\/div><\/div><\/div><div class=\"gutentor-gallery-item grid-lg-3 grid-md-4 grid-12\"><div class=\"gutentor-single-item gutentor-image gutentor-single-item-3\"><div class=\"gutentor-gallery-item-wrap\"><div class=\"gutentor-single-item-image-box\"><div class=\"gutentor-image-thumb\"><img loading=\"lazy\" decoding=\"async\" class=\"normal-image\" src=\"https:\/\/www.benhame.adv.br\/wp-content\/uploads\/2026\/02\/ESG-Benhame-rev.3_Pagina_4.jpg\" alt=\"\" height=\"2000\" width=\"1414\" \/><\/div><\/div><div class=\"gutentor-single-item-content\"><div class=\"gutentor-gallery-item-header\"><a href=\"https:\/\/www.benhame.adv.br\/wp-content\/uploads\/2026\/02\/ESG-Benhame-rev.3_Pagina_4.jpg\" class=\"image-gallery\"><i class=\"gallery-icon fas fa-search\"><\/i><\/a><\/div><div class=\"gutentor-gallery-item-desc\"><\/div><\/div><\/div><\/div><\/div><\/div><\/div><\/section>\n\n\n\n<section id=\"section-0ae84e10-c50b-482f-b8f8-1a7488151335\" class=\"wp-block-gutentor-divider section-0ae84e10-c50b-482f-b8f8-1a7488151335 gutentor-element gutentor-section gutentor-divider text-center\"><div class=\"grid-container\"><div class=\"gutentor-divider-box\"><span><svg xmlns=\"http:\/\/www.w3.org\/2000\/svg\" viewBox=\"0 0 240 40\" preserveAspectRatio=\"none\"><path d=\"M56.2 20c5.3-.1 10.6-.2 16-.3l16-.2c10.6-.1 21.3-.1 31.9-.2 10.6.1 21.3 0 31.9.1l16 .2c5.3.1 10.6.2 16 .3-5.3.1-10.6.2-16 .3l-16 .2c-10.6.1-21.3.1-31.9.1-10.6-.1-21.3 0-31.9-.2l-16-.2c-5.4.1-10.7 0-16-.1z\"><\/path><\/svg><\/span><\/div><\/div><\/section>\n\n\n\n<section id=\"gm2d5c275\" class=\"wp-block-gutentor-m10 section-gm2d5c275 gutentor-module g-gm-module\"><div class=\"grid-container\"><div class=\"grid-row g-gm-item-wrap\">\n<div id=\"col-gm945579\" class=\"wp-block-gutentor-m10-col col-gm945579 gutentor-module g-gm-col grid-lg-4 grid-md-4 grid-12\"><div id=\"section-gm945579\" class=\"section-gm945579 gutentor-single-col\">\n<div id=\"section-g90c561\" class=\"wp-block-gutentor-e6 section-g90c561 gutentor-element gutentor-element-image\"><div class=\"gutentor-element-image-box\"><div class=\"gutentor-image-thumb\"><img decoding=\"async\" class=\"normal-image\" src=\"https:\/\/www.benhame.adv.br\/wp-content\/uploads\/2021\/10\/analise-2-212x300.jpg\" \/><\/div><\/div><\/div>\n<\/div><\/div>\n\n\n\n<div id=\"col-gm22bea4\" class=\"wp-block-gutentor-m10-col col-gm22bea4 gutentor-module g-gm-col grid-lg-4 grid-md-4 grid-12\"><div id=\"section-gm22bea4\" class=\"section-gm22bea4 gutentor-single-col\">\n<div id=\"section-g089774\" class=\"wp-block-gutentor-e6 section-g089774 gutentor-element gutentor-element-image\"><div class=\"gutentor-element-image-box\"><div class=\"gutentor-image-thumb\"><img decoding=\"async\" class=\"normal-image\" src=\"https:\/\/www.benhame.adv.br\/wp-content\/uploads\/2021\/10\/banner_revista_2009_002_newsletter.jpg\" \/><\/div><\/div><\/div>\n<\/div><\/div>\n\n\n\n<div id=\"col-gm816655\" class=\"wp-block-gutentor-m10-col col-gm816655 gutentor-module g-gm-col grid-lg-4 grid-md-4 grid-12\"><div id=\"section-gm816655\" class=\"section-gm816655 gutentor-single-col\">\n<div id=\"section-g65deea\" class=\"wp-block-gutentor-e6 section-g65deea gutentor-element gutentor-element-image\"><div class=\"gutentor-element-image-box\"><div class=\"gutentor-image-thumb\"><img decoding=\"async\" class=\"normal-image\" src=\"https:\/\/www.benhame.adv.br\/wp-content\/uploads\/2021\/10\/news-analise-2011-277x300.png\" \/><\/div><\/div><\/div>\n<\/div><\/div>\n\n\n\n<div id=\"col-gm9cade5\" class=\"wp-block-gutentor-m10-col col-gm9cade5 gutentor-module g-gm-col grid-lg-4 grid-md-4 grid-12\"><div id=\"section-gm9cade5\" class=\"section-gm9cade5 gutentor-single-col\">\n<div id=\"section-gb4695d\" class=\"wp-block-gutentor-e6 section-gb4695d gutentor-element gutentor-element-image\"><div class=\"gutentor-element-image-box\"><div class=\"gutentor-image-thumb\"><img decoding=\"async\" class=\"normal-image\" src=\"https:\/\/www.benhame.adv.br\/wp-content\/uploads\/2021\/10\/news-analise-2010-v1.jpg\" \/><\/div><\/div><\/div>\n<\/div><\/div>\n\n\n\n<div id=\"col-gm2c414c\" class=\"wp-block-gutentor-m10-col col-gm2c414c gutentor-module g-gm-col grid-lg-4 grid-md-4 grid-12\"><div id=\"section-gm2c414c\" class=\"section-gm2c414c gutentor-single-col\">\n<div id=\"section-g6c45c3\" class=\"wp-block-gutentor-e6 section-g6c45c3 gutentor-element gutentor-element-image\"><div class=\"gutentor-element-image-box\"><div class=\"gutentor-image-thumb\"><img decoding=\"async\" class=\"normal-image\" src=\"https:\/\/www.benhame.adv.br\/wp-content\/uploads\/2021\/10\/newsletter-analise.jpg\" \/><\/div><\/div><\/div>\n<\/div><\/div>\n\n\n\n<div id=\"col-gma76f60\" class=\"wp-block-gutentor-m10-col col-gma76f60 gutentor-module g-gm-col grid-lg-4 grid-md-4 grid-12\"><div id=\"section-gma76f60\" class=\"section-gma76f60 gutentor-single-col\">\n<div id=\"section-g46d2ba\" class=\"wp-block-gutentor-e6 section-g46d2ba gutentor-element gutentor-element-image\"><div class=\"gutentor-element-image-box\"><div class=\"gutentor-image-thumb\"><img decoding=\"async\" class=\"normal-image\" src=\"https:\/\/www.benhame.adv.br\/wp-content\/uploads\/2021\/10\/REVSTA-ANALISE.png\" \/><\/div><\/div><\/div>\n<\/div><\/div>\n<\/div><\/div><\/section>\n","protected":false},"excerpt":{"rendered":"","protected":false},"author":1,"featured_media":0,"parent":0,"menu_order":0,"comment_status":"closed","ping_status":"closed","template":"template-gutentor-full-width.php","meta":{"footnotes":""},"class_list":["post-60","page","type-page","status-publish","hentry"],"_links":{"self":[{"href":"https:\/\/www.benhame.adv.br\/index.php?rest_route=\/wp\/v2\/pages\/60","targetHints":{"allow":["GET"]}}],"collection":[{"href":"https:\/\/www.benhame.adv.br\/index.php?rest_route=\/wp\/v2\/pages"}],"about":[{"href":"https:\/\/www.benhame.adv.br\/index.php?rest_route=\/wp\/v2\/types\/page"}],"author":[{"embeddable":true,"href":"https:\/\/www.benhame.adv.br\/index.php?rest_route=\/wp\/v2\/users\/1"}],"replies":[{"embeddable":true,"href":"https:\/\/www.benhame.adv.br\/index.php?rest_route=%2Fwp%2Fv2%2Fcomments&post=60"}],"version-history":[{"count":54,"href":"https:\/\/www.benhame.adv.br\/index.php?rest_route=\/wp\/v2\/pages\/60\/revisions"}],"predecessor-version":[{"id":3573,"href":"https:\/\/www.benhame.adv.br\/index.php?rest_route=\/wp\/v2\/pages\/60\/revisions\/3573"}],"wp:attachment":[{"href":"https:\/\/www.benhame.adv.br\/index.php?rest_route=%2Fwp%2Fv2%2Fmedia&parent=60"}],"curies":[{"name":"wp","href":"https:\/\/api.w.org\/{rel}","templated":true}]}}